t z = -4777 + 7069. What is the units digit of z?
2
Suppose -3*o + 12 = -0*o. Suppose -5*p + o*p - 2*h + 220 = 0, 2*h - 892 = -4*p. What is the units digit of p?
4
Let u be 2356/18 - (-5)/45. Suppose u + 136 = i. What is the units digit of i?
7
Let s(z) = z**3 + 5*z**2 + 3*z - 4. Let n be s(-3). Suppose 5*r - t = 57, -r + 3*r + n*t = 39. What is the tens digit of (-89)/(-6) + 2/r?
1
Suppose 9*k = -0*k + 828. Suppose -4*b + 0*b - 5*g - k = 0, 5*b = -2*g - 98. What is the tens digit of (-78)/(-2) - (-15 - b)?
3
Let o be (1/(-1)*-1)/(-1). Let v be o - -3 - -36 - 1. Let w = v + -23. What is the tens digit of w?
1
Let g(l) = -l**2 - 2*l - 19. Let m be g(0). Let x = m + 39. What is the tens digit of x?
2
Suppose -13*w + 16*w = 2721. What is the tens digit of w?
0
Suppose -9 - 12 = 7*d. What is the tens digit of 5*1*(732/(-10))/d?
2
Suppose -y - 450 = -4*y. Let d = y - 100. What is the units digit of d?
0
Let z = 5672 - 3942. What is the units digit of z?
0
Let v(j) = 19*j**3 - 3*j**2 + 1. Suppose 6*u = 3*u + 6. Let b be v(u). Suppose 3*t - q = b, t + 2*q = q + 47. What is the tens digit of t?
4
Suppose 19 = 2*q - 5*h, q = -q + h + 31. Suppose -s - 2*d = -7, q = 3*s + 6*d - d. Let x(v) = -26*v + 1. What is the tens digit of x(s)?
2
Let d(q) = -q**2 - 7*q + 2. Let u be d(-7). Suppose u*i = -3*i. Suppose i*o + 129 = 3*o. What is the units digit of o?
3
Let v(m) = -37*m**2 - 11. Let s = 14 - 9. Let p be v(s). What is the tens digit of (1/(-2))/(12/p)?
3
Let i = 8 - 23. What is the tens digit of (-4224)/(-40) + 9/i?
0
Let s(b) = -24*b + 2. Let p be s(-4). Suppose 0 = 4*o - 98 - p. What is the tens digit of o?
4
Let t(b) = 17*b + 10. Let l(z) = 17*z + 9. Let r(w) = -6*l(w) + 5*t(w). What is the units digit of r(-3)?
7
Suppose -3*b = -4*x + 2271, 4*x - b - 1383 - 894 = 0. What is the units digit of x?
0
What is the tens digit of (7 + 0)*(-1)/(70/(-1500))?
5
Suppose 2*v + 18 = 2*c, -3*v + 2*c = -2*v + 10. Let z(d) = d + 14. What is the units digit of z(v)?
6
Let m(n) = -71*n + 646. What is the tens digit of m(0)?
4
Suppose -38*h = -24991 + 10019. What is the tens digit of h?
9
Let o(p) be the first derivative of -9*p**4/2 + 2*p**3/3 + p**2 - 2. What is the units digit of o(-1)?
8
Suppose -20*r + 15*r = 3*m - 2886, 4*r - 5*m = 2294. What is the units digit of r?
6
What is the units digit of (-2)/4*-1 + (-37773)/(-54)?
0
Let t be (2/2*36)/(5 + -4). What is the hundreds digit of 4/t - 3292/(-18)?
1
Let g = 71 + -29. Suppose -g = -j + 3*c, j - 4*c - 26 = 21. What is the tens digit of j?
2
Let x(n) = n**3 - 10*n**2 + 4*n + 2. What is the tens digit of x(10)?
4
Suppose 301*c + 96848 = 317*c. What is the units digit of c?
3
Let k(s) = 4 + 13 + 2 + 6*s + 2. What is the hundreds digit of k(22)?
1
Let p(c) = 5*c + 5. Let v be p(-1). Suppose v*h - 444 = -4*h. What is the hundreds digit of h?
1
Let q(b) = 149*b + 34. What is the units digit of q(3)?
1
Suppose -5*a = -a - 8. Suppose -14 = -4*n - 6. Suppose n*x - 6*x + a*d + 180 = 0, 47 = x - d. What is the units digit of x?
3
Suppose -5*l = 5*t - 8925, 0 = -3*l - 3*t + t + 5360. What is the hundreds digit of l?
7
Let z(q) = 3*q**2 - 3*q - 187. Let x(v) = v**3 + v**2 - v - 1. Let w(y) = x(y) - z(y). What is the units digit of w(0)?
6
Let a(p) = p**2 + 5*p + 4. Let u be a(-5). Suppose 0 = -5*j + u*d + 38, 2*j - 11 = d + 6. What is the tens digit of j?
1
Let v(m) = -102*m**3 + 2*m**2 - 1. Let l be (-2)/(-1)*10/(-20). Let g be v(l). Suppose -z - 50 = -r, 2*r + z = 2*z + g. What is the tens digit of r?
5
Suppose -k + 853 = c, 4*c - 5*c - 2*k = -852. What is the tens digit of c?
5
What is the units digit of 9 - 36176/(-40) - 6/(-10)?
4
Let k = -76 + 81. Suppose 5*j = -k*j + 1910. What is the units digit of j?
1
Let w = -11 - -578. What is the hundreds digit of w?
5
Suppose 0 = c - 2*u + 6, 7*c + 5*u - 30 = 2*c. Suppose m - 2 = -t, -m - 2*t - 1 + c = 0. Suppose -2*g + g + m = 0. What is the units digit of g?
3
Let v be 96/8 + (1 - 1). Suppose -5*z = -v*z + 385. What is the tens digit of z?
5
Let k(t) = 70*t**2 + 35*t + 1 - 17*t - 17*t. What is the units digit of k(-1)?
0
Let w be 0 - ((0 - 0) + -3). Suppose 3*h - 4*l + 100 = 0, -30 - 58 = w*h - l. Let j = 40 + h. What is the units digit of j?
2
Let z(d) be the second derivative of d**4/6 + 4*d**3/3 + d**2 + 11*d. What is the units digit of z(-7)?
4
Let v = -27 - -12. What is the units digit of (28/12)/(-7)*v?
5
Let s = 1860 + 367. What is the units digit of s?
7
Let s(u) = -4 - 9*u**2 + 9*u + 2*u + 4*u**3 - 3*u**3 - 3. What is the tens digit of s(8)?
1
Let m = 196 - 88. Suppose -70 = -4*v + 5*h, -h = -5*v - 5*h + m. What is the tens digit of 812/v + (-6)/10?
4
Suppose 0 = u - 4*s + 4 + 6, -2*u = 3*s + 20. What is the units digit of u*(-1)/((-15)/(-186))?
4
Let t = 4449 + -244. What is the tens digit of t?
0
Let j = 858 + -234. What is the units digit of j?
4
Suppose 0 = 2*w - 3*w. Let s(x) = -2*x + 43 + 0*x + 4*x. What is the tens digit of s(w)?
4
Suppose 2*t - 4*m = -0*m + 6, 5*t - 28 = -3*m. Suppose -t = -5*f - 0. What is the units digit of f?
1
Let r = -1 + 28. Let x = 90 - r. What is the tens digit of x?
6
Suppose 2*i - 112 - 826 = 0. What is the units digit of i?
9
Suppose 0 = -3*k - w + 3*w - 32, 0 = k + 2*w. Suppose -8 = -0*a - 2*a. Let z = a - k. What is the tens digit of z?
1
Let a(k) = -3*k - 6. Suppose -13 = i + 4. Let c = -29 - i. What is the units digit of a(c)?
0
What is the thousands digit of 12568/10*(-45)/(-18)*1?
3
Let x(m) = -m**2 - 4*m + 1. Let l be x(-3). Let h(u) be the third derivative of u**5/30 - u**4/24 - 2*u**3/3 + 4*u**2 + 2. What is the tens digit of h(l)?
2
Suppose 5*d + 2 = 7, 0 = -f + 2*d + 3. Suppose -5*t - z + 1138 = -t, 5*t = -f*z + 1415. What is the tens digit of t?
8
Let y(o) = 16*o + 308. What is the units digit of y(5)?
8
Let w be -1*(7/2)/((-6)/(-12)). What is the tens digit of w/(42/(-202)) - 2/(-6)?
3
Suppose 5456 = 21*j + j. What is the tens digit of j?
4
Suppose 632*l - 643*l = -32208. What is the thousands digit of l?
2
Suppose 4*a - 3*a = -o + 2, -5 = -4*o - a. What is the units digit of (1 - 1 - o) + 99?
8
Suppose 4*t - 3*d = -10, -2 = -4*t - 4*d + 2. What is the hundreds digit of (21 + 19)*(t + (-23)/(-4))?
1
Let v(g) = g**3 + 7*g**2 + g + 10. Suppose -11 = 4*k + 17. Let l be v(k). Suppose l*a + 9 = 69. What is the units digit of a?
0
Let w(n) be the second derivative of -n**5/20 + 11*n**4/6 - 10*n**3/3 + 7*n**2 + 6*n. What is the tens digit of w(21)?
3
Suppose 4*p - 207 - 49 = 0. Let b(s) = 5*s - 13. Let w be b(-5). Let r = w + p. What is the tens digit of r?
2
What is the tens digit of (-10)/(-4)*73152/240?
6
What is the units digit of (76/(-6))/((-62)/2139)?
7
Suppose -4*t + 216 = -268. What is the tens digit of t?
2
What is the hundreds digit of (4/6)/(18/8424)?
3
Let v be (91/14)/((-2)/40). Let h = 37 - v. What is the tens digit of h?
6
Let n = 345 - 105. What is the tens digit of (-8)/(-3 + 5) + n?
3
Let u be (-12)/3 + 26*3/6. Let v = u + 55. What is the units digit of v?
4
Suppose -3*s - s + 642 = 2*n, s - 165 = 4*n. Suppose 5*u = 1 - s. What is the units digit of (-1400)/u - 1/(-4)?
4
Let t(d) = 561*d - 10. Let y be t(9). Suppose 0 = -18*l + 631 + y. What is the hundreds digit of l?
3
Suppose 2*o = o + 1. Let a be -40 - (-1)/(1/o). Let j = -13 - a. What is the units digit of j?
6
Suppose -v - 5*c + 542 = 0, 3*v + 612 = -2*c + 2186. Suppose -5*h + 4*j + v = 0, 3*h - 300 = -2*j - 0*j. Let f = h - 72. What is the tens digit of f?
3
Suppose -2*l + 4*s + 2192 = 0, 3*s - 4340 = -17*l + 13*l. What is the units digit of l?
8
Let d(w) = w - 3. Let g be d(7). Suppose -2*j - 157 = -2*b - 49, 4*b - 232 = -g*j. Suppose -x = -6*x - 3*l + 98, l + b = 3*x. What is the tens digit of x?
1
Let b(g) = g**2 + 5*g + 4. Let n be b(-5). Suppose 5*t = -n*r + 375, -2*r + 441 = 3*r - 3*t. What is the units digit of r/12*2/3?
5
Let v = 2548 - 1799. What is the units digit of 21/126 - v/(-6)?
5
Let f be -2 - 8/(-16)*12. Let t(v) = -37*v**3 - v**2 - 1. Let w be t(-2). Suppose 35 - w = -f*y. What is the units digit of y?
4
Let w(t) be the third derivative of -t**5/60 + t**4/6 + 2*t**3 + 5*t**2. Let y be w(6). Suppose y = 6*h - 270 - 48. What is the units digit of h?
3
Let n be (1*(-13 - -3))/(8/4). What is the units digit of (n - -2 - (-15)/6)*-12